28 + (-24 - -8) - 1
11
Calculate (26 - -18) + -23 + (-1 - -2 - 9).
13
Calculate (14 - 13) + -15 + -4 - 5.
-23
What is -6 + (22 - (46 - 1))?
-29
(62 + 26 - 43) + -16 + 1
30
What is 17 + (3 + 12 - 19) - -15?
28
Evaluate (16 - -24) + -14 + -10.
16
What is the value of -6 - (25 + -10 - 11)?
-10
What is the value of -9 - (1 - -11 - (9 + 20))?
8
22 + -14 - (-9 + 13 + 6)
-2
6 - (9 + (-22 - (-2 - -7)) + 8)
16
Evaluate 0 + 10 + (1632 - 1645).
-3
Calculate -7 - (-6 + 1 - (-50 + 52)) - -6.
6
What is the value of -20 + 45 + -37 - (-1 + -8)?
-3
0 - 15 - (-23 - -2)
6
-2 - (-30 + (5 - -3) + 6 + 0)
14
13 - 21 - 2 - (-10 + -1)
1
What is the value of -23 + 41 - (-1 + -17)?
36
What is 18 - 31 - (15 + -18 - (3 - -2))?
-5
(-23 - (-8 - -8)) + 5 - -7
-11
What is (8 - 1) + (28 - 54)?
-19
What is -31 + (1 - 4) + -3 + 22?
-15
What is the value of -33 + (-18 + -13 + 15 - -20)?
-29
What is 50 + -5 + (-31 - -1)?
15
-14 + (33 - 13) - (17 - 5 - 5)
-1
Calculate -4 + (-1 - -22 - 31).
-14
Calculate -8 - -49 - 9 - (-5 + 14).
23
8 + -7 + (-3 - -1 - -6) - 16
-11
Calculate -53 - (23 + -29 - 25).
-22
What is -10 + (-9 - 3) + 11?
-11
What is the value of 6 + 1 + (-21 - (-74 - -81))?
-21
Evaluate -29 - (-22 - -1) - (-3 + 0).
-5
What is the value of -2 + -3 + 4 + (26 - 14)?
11
Calculate -3 + -6 + (-1 - -7) + 13.
10
What is the value of 3 + 3 + (-1 - (1 + 0 + 0))?
4
Evaluate -1 - -47 - (191 + -172).
27
Evaluate -6 - (9 + 5 + -9 - 17).
6
What is the value of -7 + 24 + -19 + 17?
15
Evaluate (-4 - -15) + -8 + -17.
-14
What is the value of -994 + 1008 - (2 + (-1 + -1 - 0))?
14
(-2 - -21) + (6 - ((19 - 8) + -2))
16
Calculate 36 + -19 - 23 - -12.
6
-5 + -3 + (-8 + 16 - -5 - 7)
-2
What is 55 - (7 - (-63 + 25))?
10
(14 - (-3 + (9 + -11 - 0))) + 4
23
Calculate (-6 - (11 - 8)) + 6 + 20 + 4.
21
Calculate 2 + (-3 - 0) + 0 + 188 + -196.
-9
Calculate 0 + 0 + (-9 - (-13 - -5)) + 4.
3
Evaluate (1 - 73) + 671 + -633.
-34
Calculate 15 + -7 - (3 + (27 - 3)).
-19
Evaluate -13 + 0 + -16 + 8.
-21
What is the value of 2 + -35 + (-50 - -69)?
-14
What is 11 + 9 + -40 + 31?
11
What is -80 + 74 - (-19 + -1)?
14
What is the value of -54 + 53 - (2 + -16 - 2)?
15
Calculate -13 + (60 - 44) + 27.
30
What is 4 + (3 - 3) - (-3 - (1 + -7))?
1
What is 88 + -42 + -48 + 3 + -27?
-26
What is 2 + -13 + 6 - -18?
13
What is 12 - (-13 - -4 - -9)?
12
What is the value of 30 + (1 - (-7 - -30 - 10))?
18
What is 2 - (18 + -12 + -2)?
-2
Evaluate 11 + -13 + 1 + -5 + 0.
-6
Evaluate -3 + 0 + -6 + -2 + 4 + 2.
-5
What is the value of -3 + -8 + (4 - (-7 + 6))?
-6
52 + -14 + 33 - 44
27
What is 1 + (-5 + 2 - 1) + 26 + -20?
3
18 + -16 + -14 + 11
-1
Evaluate (12 + 3 + -9 - 4) + (-6 - -6).
2
(-5 - 0) + (-4 - (-1 + -1 + -7))
0
What is the value of (6 - (-5 - 1 - -8)) + -6 + -16?
-18
Calculate 19 - (10 + (4 - (-2 + 18) - -4)).
17
Evaluate -221 - -240 - (2 + 24).
-7
(11 - 8) + (-66 - -92)
29
-1 - (15 + -1 - (-29 + 27 - -10))
-7
What is -8 + 4 + 9 + (2 - (14 - 9))?
2
Evaluate (53 + -54 - (0 - -7)) + -1.
-9
What is the value of 6 + -7 + 3 + 3 + (-34 - -41)?
12
Evaluate (3 - (45 - 41)) + -33.
-34
Calculate -2 + (24 - 17) + -19.
-14
Calculate (-59 + 25 - -21) + 12.
-1
Calculate -1 + 34 - (-193 + 222).
4
5 + 12 + (2 - 7) + -14 + -20
-22
Calculate 63 - 76 - (9 - -2).
-24
What is the value of 5 + (0 + 16 - (-193 + 201))?
13
What is -8 + 12 + 2 - (10 - 11)?
7
Calculate -16 - (12 - (28 + -21)).
-21
What is 6 + -16 - 0 - -42 - (5 + 5)?
22
Evaluate 19 - (-2 - (-32 - -13)).
2
What is the value of 2 - 2 - ((-7 - -17) + 3)?
-13
What is 13 - -1 - (-20 - (-29 + 17))?
22
What is the value of ((0 - 8) + (59 - 49) - -5) + -24?
-17
Calculate (28 + 12 + -7 - (-11 + 9)) + -9.
26
What is the value of (-10 - (-2 - -13)) + -2?
-23
Calculate 8 + -10 + (78 - 81 - (0 + -1)).
-4
What is the value of -1134 + 1151 + (7 - -1)?
25
-14 + (-12 - (-20 + -7 + 6))
-5
11 + (6 + 2 - 6) + -4 + 3
12
What is the value of (-19 - -17) + (-1 - -3 - 6) + 7?
1
Evaluate -3 + 1 - ((-3 - 0) + (-28 - -21)).
8
Calculate (-3 - (-7 + 5)) + 1 + -2 + -8.
-10
What is the value of 169 + -158 + (1 - (1 + -2) - 1)?
12
What is the value of -3 + 73 + (-37 - 6)?
27
Calculate (56 - 63) + (3 + 0 - (-2 - -5)).
-7
What is the value of 31 + (-17 - 2) + -4?
8
Evaluate (0 - 0) + 10 - (-4 + 5).
9
1 + -4 + -42 + (19 - -28)
2
-23 - (13 - (-9 - -42))
-3
(10 - (2 + -1)) + -2 - 12
-5
What is the value of -5 + (16 - -10 - 47)?
-26
What is the value of (9 + -3 + -3 - 3) + (41 - 17)?
24
Calculate (-1 - -4) + -4 - (-100 + 88) - 0.
11
What is -2 + (6 + -5 + 3 - (-2 - -17))?
-13
Evaluate 0 + 23 - (-12 + (15 - -7)).
13
What is the value of 0 - 10 - (18 + 2 + (-12 - 8))?
-10
43 + -74 + (-2 - (9 + -11))
-31
Calculate -20 - (-10 - (-30 + 21)).
-19
What is 158 + -128 - (5 + 27)?
-2
What is 1 - (5 + (-9 - (-2 - 4))) - 0?
-1
43 - 34 - (0 + -3)
12
Calculate 5 - 12 - (-6 + (-6 - (12 - 7))).
10
What is 6 + (-9 - (3 - -4)) + 12?
2
Evaluate (14 - (11 - 5)) + -9 + 0.
-1
Evaluate (6 - -3) + -21 + 1 + 36.
25
What is the value of 2 + (18 - (-6 - (10 - 25)))?
11
Calculate 13 + 0 + -3 - 18 - (-1 - 23).
16
10 + (7 - (-1 + 9 + (17 - 22)))
14
Evaluate -7 - ((0 - (0 - 0)) + (-26 - -26)).
-7
What is (17 - -16 - 61) + 17?
-11
What is the value of -16 - (43 + -128 + 37)?
32
What is (18 - 20) + -5 + -6 + 3?
-10
What is the value of (-3 + 1 - (-146 - -137)) + -18?
-11
-169 + 161 - (-14 + 1 + 1)
4
What is -28 + 0 + (8 - (-14 - -9))?
-15
Evaluate 4 + 8 + -19 + 14 - 11.
-4
What is the value of (-20 - (-10 + 2)) + (-1 - 0)?
-13
Calculate -2 + (-1 - (3 + -9 + -4 + 3)).
4
Evaluate 2 - (10 - (16 - 7)).
1
What is the value of (-3 - 46) + 61 + -39?
-27
What is 1 - -2 - (-6 - (-12 + 6 + 2))?
5
What is the value of 4 - (-6 + 13 + -38 + (-3 - -7))?
31
What is (-16 - -21 - -2) + (2 - -4)?
13
Evaluate -4 + (-20 - (32 - 54)).
-2
What is the value of (0 - (52 + -14)) + 13?
-25
(-4 - (0 + -12 + 15)) + (49 - 0)
42
What is 6 + -1 + -11 + -3 - (4 + -14)?
1
What is the value of -27 + 1 + -34 + 63?
3
Evaluate (4 - (0 - -12)) + 12 + 6.
10
0 - (9 - 8 - -6)
-7
What is the value of -2 - (-23 - -12) - 10?
-1
What is the value of -4 - 1 - (2 - (8 + -5))?
-4
Calculate (-13 - (-30 - -9)) + 0.
8
What is -1 - (0 - (-5 - 5))?
-11
Calculate (-3 - (7 + (-6 - 2))) + 6.
4
What is -1 - 6 - (-33 - -9 - -15)?
2
Calculate 6 - (19 + 17 + -13 + -1 + -6).
-10
Calculate 1 + -2 + -91 + 92 + 3.
3
Calculate -22 - -1 - (-71 + 72).
-22
Evaluate -2 + 8 + -23 + 4.
-13
What is the value of (5 - -1) + (-17 + 6 - (1 + 7))?
-13
What is (-13 + 5 - -5) + 1 + -8?
-10
What is (-806 - -824) + -2 + (2 - 3) + 0?
15
Evaluate 6 + 1 + -1 + 0 + -333 + 318.
-9
What is the value of 0 + 2 + 10 + 12 + -3 + -5?
16
Evaluate 9 + (-5 - (-2 + (-2 - -1) + 4)).
3
Calculate (-36 - -65) + -1 + -10 + -6.
12
Calculate -5 - -25 - 3 - 26.
-9
What is the value of 4 - (17 + -4 + -6)?
-3
What is 0 - (2 + -6 + 10) - 0?
-6
What is (-8 - (0 + 0)) + (-156 - -157) + 4?
-3
20 + 1 - (20 - 31 - -17)
15
(-42 - -64) + -14 + 1 + 10 + 1
20
What is (-19 + 17 - 12) + 6?
-8
2 + 3 + (2 + -7 + 4 - 1)
3
Evaluate -25 + (12 - 4) + 0 + 7.
-10
Calculate -1 - ((0 - -2) + -9).
6
-8 + 21 + 1 - 11 - -19
22
284 + -285 - (1 + 7)
-9
Calculate 19 - (10 + -6 + 13).
2
What is the value of -3 + 1 + 18 + -9 - 30?
-23
Evaluate 3 - (-5 - -1 - (4 - 15)).
-4
Calculate -7 + -7 + 9 + (4 - (-2 + 3)).
-2
What is -23 - (-16 - 4) - (1 - 0 - 12)?
8
Calculate (2 + (-2 - -5) - 13) + -6 - -3.
-11
What is -5 + 3 + 2 + 3 + 1?
4
-33 + 46 - (31 - 45)
27
What is the value of -27 + 2 + (-10 - (11 + -17)) + -2?
-31
Evaluate 14 - (-11 - -15) - (-35 + 44).
1
-143 + 113 + (1 - -24)
-5
Evaluate (-51 - (-3 + -26)) + 24.
2
What is (0 + (-9 - -19) - 0) + -11?
-1
What is 0 + -6 - (-44 - -41)?
-3
What is 5 + (-1 + 1 - 7)?
-2
Evaluate (26 - (-21 + 42)) + -21.
-16
What is the value of 13 + (-7 - -8) + -9 + -1 + 9?
13
What is (24 + -6 - 10) + (-45 - -41)?
4
Evaluate (-9 - 1) + (-8 - (4 - 2) - -7).
-13
What is 10 - -5 - 12 - (-19 - -3 - 6)?
25
Calculate (8 - 30) + -6 + 11 + 7.
-10
What is the value of 40 + -34 + -9 + -1?
-4
What is 8 - (33 - (7 - (6 + -13)))?
-11
(-2 - -1 - -6) + (-13 + 19 - 14)
-3
What is 0 + 8 + 4 + -7 + -16?
-11
(48 - 56 - -9) + (-8 - -1) + -2
-8
Calculate (0 - -10) + -1 - (105 - 87).
-9
What is 5 + (49 + -27 - 19)?
8
Calculate -2 - 8 - (11 - 4).
-17
Calculate (-1 - -5) + -13 + 10 